 + 4*s**3 - 5 - 6*s - s**2 - 2*s**2 + 7*s**2. Let l be u(-5). Let y(o) = o**3 - o**2 - o - 4. Determine y(l).
-4
Let o(h) = h**3 - 5*h**2 + 4*h - 3. Suppose 0 = 2*a - 2, 2*q + 2*q = 4*a + 8. What is o(q)?
-9
Let q(i) be the first derivative of 14*i**3/3 - i**2 - i + 11. Give q(-1).
15
Let f(q) = -2*q**2 - q. Let h(u) = -u**3 - 3*u**2 + 10*u - 1. Let g be h(-5). Give f(g).
-1
Let i(u) = 4 - u - 2*u**2 - u**3 + 2*u + 2*u. Let n be 6/(-3)*6/4. Calculate i(n).
4
Suppose 0 = 4*u - 2*w + 3*w - 36, -2*w + 18 = 2*u. Let a be -3 + 3/(u/(-6)). Let h(l) be the first derivative of l**4/4 + 5*l**3/3 - 4*l + 2. Give h(a).
-4
Let n be 3/4 + (-1)/(-4). Let h(k) = n + 7*k - k - 3*k**2 - 6*k. Give h(-1).
-2
Let o(g) = -g**3 - 2*g**2 + 2*g - 3. Let t(k) = k**3. Let x(b) = o(b) + 2*t(b). Calculate x(2).
1
Let i(f) = f + 3. Suppose 5*z + 2 - 92 = 0. Suppose -7*h + 4*h = -z. Calculate i(h).
9
Let p(y) = 5*y - 7. Let q(x) = -x + 1. Let v(l) = -p(l) - 4*q(l). Let b be 3*(-1 - (1 + -1)). Give v(b).
6
Let z(s) = -3*s**2 - 1. Let v(o) = -13*o**2 - o - 5. Let u(a) = 2*v(a) - 9*z(a). Let h = 0 + 6. Let y = h + -3. Calculate u(y).
2
Suppose -5*t - 9 = -3*h, -6*t = 5*h - 2*t - 15. Let v(r) be the third derivative of r**4/12 - r**3/3 - 3*r**2. What is v(h)?
4
Let y(v) = v**2 + 6*v + 6. Let f = -11 - -6. Give y(f).
1
Let t(f) = f + 6. Suppose -5*y + 3*b = -0*y + 55, -y = -3*b + 23. Give t(y).
-2
Let k(z) = -5*z + 2 - 2*z**2 + 0*z**2 + 3*z**2. Let x(w) = -w**2 - 13*w - 16. Let b be x(-11). Give k(b).
8
Let h be 0/(-1)*(-3)/6. Let r = 1 + h. Let i(p) = -9*p**2 - p + 1. Give i(r).
-9
Let g(c) = -2*c**2 - 9*c - 12. Let w(j) = -j**2 - 8*j - 11. Let d(m) = -4*g(m) + 5*w(m). Let a(u) = 7*u**2 - 9*u - 15. Let l(z) = 2*a(z) - 5*d(z). Give l(4).
-3
Suppose -4*i + 18 = -i. Let c(w) = 16 + 3*w**2 - 3*w - 4*w**2 + i*w - 12. What is c(6)?
-14
Let k(q) = -3*q**2 + q**2 + 0 + 4*q + 0*q**2 - 3. Let w be k(2). Let c(v) = 2*v + 1. Give c(w).
-5
Let d be (-1 - 0/(-4)) + 3. Let v(u) = -u**3 + 2*u**2 + 2. Determine v(d).
2
Let k(v) = -4*v**2 + 5*v + 1. Let p(a) = 5*a**2 - 5*a - 2. Let n(j) = 4*k(j) + 3*p(j). Let t(y) be the first derivative of n(y). Determine t(5).
-5
Let w = 0 - -3. Suppose 4*k + 5*d = 35, -2*k + 6*k + w*d = 29. Let v(a) be the second derivative of a**3/6 - 3*a**2/2 - 2*a. Give v(k).
2
Suppose -3*p - 4 = -3*r + 2, 4*r + p - 3 = 0. Suppose -5*l - r = -6*l. Let t(g) = 2 + 42*g**3 - 2*g**2 + l + 4*g - 43*g**3. What is t(-3)?
0
Let o(i) = 14*i**3 + 15*i**2 + 14*i + 26. Let z(y) = 5*y**3 + 5*y**2 + 5*y + 9. Let c(b) = -4*o(b) + 11*z(b). What is c(-4)?
-17
Let a be (-4)/(2/4*-4). Let r = -2 + a. Suppose r = 4*v - 0*v - 4. Let n(m) = 2*m. Determine n(v).
2
Let v(q) = -q**2 - 2*q + 11. Let c(m) = -4*m**2 - 9*m + 45. Suppose -4*p - 2 = j, -p - 3 - 6 = -4*j. Let d(y) = j*c(y) - 9*v(y). Give d(0).
-9
Let z(w) be the third derivative of -w**5/20 - w**4/24 - 2*w**2. Suppose -4*a - 3*s - 9 = 2, -2*a - 1 = -3*s. What is z(a)?
-10
Let i be 3/(((-6)/(-4))/(-1)). Let z(h) = 10*h - 1. What is z(i)?
-21
Let j(v) = -v + 9. Let g be ((-3)/(-9))/(4/96). Suppose g*q = 3*q. Determine j(q).
9
Let p(n) = n**2 + 6*n - 3. Suppose -6*f - 15 = -f, -5*k + 5*f - 20 = 0. Give p(k).
4
Let z(c) = c**3 - c + 12. Let t be ((-1)/(-2) - 1)*-6. Let k = t - 3. Determine z(k).
12
Let z = 2 + 2. Suppose -z*c - s + 24 = 4*s, 0 = s. Suppose -5*g = 20, g = -5*b + c + 15. Let f(u) = u**2 - 5*u + 7. Determine f(b).
7
Let i(f) = -f**3 + 6*f**2 - 5*f + 1. Let h(d) = -d**3 + 11*d**2 + 5. Let t be h(11). Let v be i(t). Let s(c) = 9*c + 1. Determine s(v).
10
Suppose 20 = 3*i - 0*n + 2*n, -5*i - 3*n + 33 = 0. Let o be (-6 + 7)*(0 - i). Let u(z) = -z + 1. Calculate u(o).
7
Let k(d) be the second derivative of d**4/12 + d**3/6 - 3*d**2/2 + d + 6. Calculate k(0).
-3
Let j be (-14)/(-4) + 9/(-18). Let x(v) = -v**3 + 3*v**2 + 3*v. Give x(j).
9
Let x = -20 - -17. Let q(l) = -2*l**2 - 4*l. What is q(x)?
-6
Let m(s) be the third derivative of -s**4/24 - 3*s**3/2 + 4*s**2. Let u be m(-8). Let w(i) = -12*i**3 - 2*i**2 - 2*i - 1. Determine w(u).
11
Suppose -2*s + 2*v - 4 = v, 0 = 2*s - 4*v + 16. Let r(l) = 2*l**2 + 2*l - 2. Let t be r(-2). Let h(w) = -t - 1 - 9*w**2 + 8*w**2. Determine h(s).
-3
Suppose 5 = 2*v - z, 4*v = 3*z + 5 + 10. Suppose v = 4*c + 1 - 9. Let t(m) = m**c + 1 - 7*m - m + 4. Give t(6).
-7
Let h(i) = 3*i - 166*i**3 - 2*i + i**2 + 165*i**3 - 2. Determine h(2).
-4
Let d(z) = -24*z**3 + 8 + 23*z**3 + z**2 + z - 7. What is d(-1)?
2
Let z(u) = u**3 - 3*u**2 + u + 1. Let r be z(3). Let q(h) = 2*h + 1. Calculate q(r).
9
Suppose -5*m - 8 = -m. Let p(f) = f**3 + f**2 - f. Give p(m).
-2
Let p(j) = -j + 3. Suppose 0 = 2*s + 5 + 9. What is p(s)?
10
Let d(j) be the third derivative of 2*j**2 + 0*j + 1/6*j**3 + 1/6*j**4 + 0. Give d(-4).
-15
Let p(f) be the second derivative of -f**5/12 - f**4/24 - f**2 + f. Let x(z) be the first derivative of p(z). Give x(1).
-6
Let t(q) = q**2 + 11*q + 2. Let z be t(-11). Let n(r) be the first derivative of -r**2 - z + r - 1/3*r**3. Calculate n(-3).
-2
Let n = 3 - 6. Suppose 28 = 3*t + 13. Let l(k) = k + t + 1 - 2. Give l(n).
1
Let k(p) = 13*p**2 - 19*p**2 + 9*p + 13*p**2 + 7 + p**3. Calculate k(-6).
-11
Suppose -3*f - 8 = -4*f. Let h = -5 + f. Let o(k) = k. Give o(h).
3
Let c be 6 - -1 - (-12)/(-6). Let o(h) = -6*h + 3*h + 6 + 0*h. What is o(c)?
-9
Let t(s) = -3*s + 4. Let h(j) = 2*j + j**2 + 3 - 3*j**2 + 3*j**2. Let z be h(0). Calculate t(z).
-5
Let n be (0/(-3))/(-3 - -2). Let u(q) = -q + 12. What is u(n)?
12
Suppose 3 = -5*c - 2. Let y(d) = d + 1. Let h(n) = 5*n + 1. Let b(j) = c*h(j) + 6*y(j). What is b(-4)?
1
Let c(v) = -3*v + 3. Let n = -10 - -5. Let b = 7 + n. What is c(b)?
-3
Let i(j) = 8*j**2 - 4*j + 8. Let b(v) be the third derivative of -17*v**5/60 + v**4/3 - 17*v**3/6 - 4*v**2. Let s(u) = -6*b(u) - 13*i(u). Calculate s(3).
-8
Let l(d) = -3*d - 1. Let t(m) = -2*m**2 - 24*m - 11. Let k(b) = 6*l(b) - t(b). Suppose -45 = 5*p - 5*y, -3*p + 2*y = 3*y + 7. Determine k(p).
13
Let o(c) = -c**3 + 9*c**2 - 8*c - 10. Let y(f) = -f**2 + 14*f - 16. Let h be y(12). Calculate o(h).
-10
Let q(v) = -10*v**2 - v. Let m = 96 - 95. Give q(m).
-11
Let c(p) be the second derivative of p**2 - 3*p - 1/6*p**3 + 0. Determine c(-6).
8
Let t(b) = 2*b**3 + 9*b**2 - 6*b - 7. Let y(z) = -z**3 - 8*z**2 + 5*z + 7. Let g(r) = 2*t(r) + 3*y(r). Suppose -k + 0 = 3*l - 8, l - 1 = 0. What is g(k)?
-3
Let t(x) = -x**2 + 5*x. Let m be t(5). Let h(f) = 3 + m*f + 1 + f. Calculate h(0).
4
Let s(v) be the third derivative of v**6/120 - v**5/12 - 5*v**4/24 - 2*v**3/3 - 2*v**2. Give s(6).
2
Let r(s) be the third derivative of s**4/24 - 2*s**3/3 - 29*s**2. What is r(-3)?
-7
Let k be 2/10 - 27/(-15). Suppose 17 - k = 3*b. Let i(h) = 2*h - 5. Give i(b).
5
Let s(j) = -6*j**3 - 3*j**2 - 2*j - 8. Let l(x) = -7*x**3 - 3*x**2 - 2*x - 9. Let n(c) = -5*l(c) + 6*s(c). Let q be (16/(-6) + 2)*3. Determine n(q).
-3
Let m(z) be the second derivative of z**4/6 - z**3/2 + 3*z**2/2 - 7*z. Let j(i) = -i**2 - i - 2. Let n be j(0). Let k = 4 + n. What is m(k)?
5
Let j(g) = g**2 - 1. Let p = -5 - -2. Let n be 5/(p*(-1)/3). Suppose 3 = -n*f - 2. Determine j(f).
0
Let w = 8 + -5. Let v(s) be the third derivative of -s**5/60 + s**4/24 - s**3/2 + 2*s**2. Calculate v(w).
-9
Let t(w) = -10*w**3 + w - 1. Let a = -12 - -19. Suppose a*d = 4*d + 3. What is t(d)?
-10
Let h(q) = -8 + 11 - q - q**3 + 0*q**2 - 2*q**2 + 6*q**2. What is h(4)?
-1
Let d(n) = n**2 - 7*n - 3. Suppose 6*q = 4*o + q - 53, 26 = 3*o - q. Let i be d(o). Let f(g) = g**3 + 4*g**2 + 2*g + 2. Calculate f(i).
5
Let y(p) be the first derivative of -p**4/4 + 7*p**3/3 - 3*p**2 + 54. Calculate y(6).
0
Let r(x) = -x - 4. Suppose z + 40 = -z - 4*l, -5*z + l = 56. Let i = z - -7. Let y be 2/6 - i/(-15). What is r(y)?
-4
Let v(p) = -p**2 + 2*p - 3. Let s = 23 - 21. Give v(s).
-3
Let n(t) = -t - 1. Let k(r) = 2*r + 8. Let v(b) = k(b) + 3*n(b). Determine v(-4).
9
Suppose -4 = -2*o - 0*o. Let n(u) be the first derivative of u**3/3 - 2*u**2 + u - 14. What is n(o)?
-3
Suppose -5*d + 8 = -4*d. Let p(f) = f**2 - 6*f - 11. Calculate p(d).
5
Let o(w) = 5*w - 1. Suppose -5*i + 0*i + 20 = 0. Let b(y) = 0 - 1 + y + i*y + y. Let s(q) = -2*b(q) + 3*o(q). What is s(2)?
5
Let z = 4 - 1. Suppose m - 8 = 2*u, -4 = -2*u + z*u + 4